) = -2*h**2 + h + 299. Let v be k(0). Let s = v - -571. What are the prime factors of s?
2, 3, 5, 29
Let b(f) = -8*f**3 - 2*f**2 + 8*f - 10. Let q be b(-7). Suppose 15*l - q = 9*l. List the prime factors of l.
2, 5, 43
Let i(c) = c - 2. Let t be i(10). Suppose -2*r - t = -56. Suppose -19*s = -r*s + 500. List the prime factors of s.
2, 5
Let w(s) = 11*s - 108. Let h be w(10). Suppose -h*o + 2361 = -2*b - 25, -2*b = -o + 1195. What are the prime factors of o?
3, 397
Let b(x) = 26*x**2 + 41*x + 47. List the prime factors of b(-12).
3299
Let f = -227 + 229. Suppose -4*v + 1485 = -3*w - f*w, -2*v + 4*w = -744. List the prime factors of v.
2, 5, 37
Suppose 4*h - 19 = -55. Let z be (15 + h)/(1/(-12)*-2). Let c = z + 18. List the prime factors of c.
2, 3
Let r(v) = -567*v - 2038. List the prime factors of r(-29).
5, 43, 67
Let g = -1880 - -2927. Let a = g - 739. List the prime factors of a.
2, 7, 11
Let h = 93078 - 61654. What are the prime factors of h?
2, 491
Let x be 4/1*(1442/(-8) - -3). Let c = -119 - x. List the prime factors of c.
2, 5, 59
List the prime factors of (-162 - -5870) + 20 + 1.
17, 337
Let a be 1*(-9)/6 - 2/(-4). What are the prime factors of ((-5)/(-10)*a)/(1/(-66))?
3, 11
Let z = 11859 + 9287. List the prime factors of z.
2, 97, 109
Let s(y) = -407*y**3 - 46*y**2 - 13. List the prime factors of s(-2).
7, 19, 23
Let z(w) = 1. Let v(h) = 2*h - 40. Let d be (4/(-3))/(8/(-12)). Let g(q) = d*v(q) + 28*z(q). List the prime factors of g(22).
2, 3
List the prime factors of ((-24365)/33)/((-3)/18).
2, 5, 443
Let j be 12*4*(12/18)/2. Let w(k) = -k**3 + 17*k**2 + 15*k + 36. What are the prime factors of w(j)?
2, 7, 19
Suppose 8*q - 4*q - 1312 = 0. Let z = 359 - q. What are the prime factors of z?
31
Let u(p) = -2*p**2 + 17*p + 14. Let o be u(9). What are the prime factors of (-225 - 4)/((-6)/(o - -7))?
2, 229
Suppose 25*x - 661912 - 771883 + 517920 = 0. List the prime factors of x.
5, 17, 431
Suppose 0*z + 14527 = 2*z - k, 0 = 5*z - k - 36310. List the prime factors of z.
53, 137
List the prime factors of (-2)/4 + (10 - (-549920)/64).
2, 11, 17, 23
Let a(k) = 0 - 5*k - 3*k + 2*k + 2*k**2 - 2. Let m = -30 - -35. List the prime factors of a(m).
2, 3
Let l = 67 - 109. Let c = -38 - l. Let b = 212 - c. What are the prime factors of b?
2, 13
Suppose 0 = 4*c - 5*u + 233, 2*c - u + 57 = c. List the prime factors of 2930/38 + c/494.
7, 11
Let a = 17773 - 9023. What are the prime factors of a?
2, 5, 7
Suppose -16*d + 144132 + 46770 = -454970. What are the prime factors of d?
37, 1091
Suppose 5*f = -2*m + 245174, -186*f - 196129 = -190*f - 5*m. List the prime factors of f.
2, 13, 23, 41
Let s(v) = -303*v**3 - v**2 + 5*v + 12. Let x be s(-2). Suppose 30*m - 32*m = -x. List the prime factors of m.
7, 173
Let t(x) = -3*x**2 + 98*x + 33. Let i be t(33). Let s = 2 + 0. What are the prime factors of (s - i)*(-3)/(-12)*6?
3
Let q = 63815 - 41485. List the prime factors of q.
2, 5, 7, 11, 29
Let f = 106 - 106. Suppose -8*m - 11*m + 5263 = f. What are the prime factors of m?
277
Let y(q) be the third derivative of q**5/10 + q**4/6 - 5*q**3/3 - 2*q**2. Suppose -16*m = 5*p - 11*m + 30, -3 = p - 2*m. List the prime factors of y(p).
2, 3, 5
Suppose -6*y + 148 + 50 = 0. Suppose -2*t = -13*t + y. What are the prime factors of t?
3
Let n = 328 - -488. Suppose -4*f + 159 = p, n = -9*p + 14*p - f. List the prime factors of p.
163
Suppose 127 = 5*p + 67. Suppose 2*u + 7*o - p*o = 1050, 1621 = 3*u + 4*o. List the prime factors of u.
5, 107
Let g be 1/(-4) + 82593/36. Suppose 20 = -5*v, -g = -3*n - 10*v + 9*v. List the prime factors of n.
2, 383
Let g(x) = x - 2. Let o(q) = -47. Let r(w) = 3*g(w) - o(w). What are the prime factors of r(-13)?
2
Suppose -42 + 166 = -2*d. Suppose 157*k + 7550 = 207*k. Let u = k + d. List the prime factors of u.
89
Let k(g) = 0*g - g - 118*g**2 - 6*g**3 + 84*g**2 - 12. What are the prime factors of k(-7)?
3, 43
Let i(j) = -6*j**3 - j**2 + j - 2. Let a be i(-2). Let q(m) = 92 + 7*m**2 + m**3 - a - 49. List the prime factors of q(-5).
53
Suppose -69*z + 730226 + 1008367 = 0. What are the prime factors of z?
3, 37, 227
Let g be 2 + (-4)/2 - 0. Let f(p) = 26*p + 115. Let k(u) = -23*u - 115. Let h(b) = -4*f(b) - 5*k(b). What are the prime factors of h(g)?
5, 23
Let r = 7725 - -20693. What are the prime factors of r?
2, 13, 1093
Let u(m) = 10*m - 12. Let t(o) = o**3 + 13*o**2 + 11*o - 16. Let z be t(-12). Let q be u(z). Let y = -41 - q. List the prime factors of y.
11
Suppose 4*v - 398 = -2*y, -v + y + 0*y = -92. Let j = -95 + v. Suppose -j*w = 5*w - 588. List the prime factors of w.
2, 3, 7
Let p be (-2 + 30/9)*3. Suppose -3*q + 416 + 464 = -p*v, 5*q - 1495 = v. List the prime factors of q.
2, 3, 5
Let u be -5*21/(-15) - -181. What are the prime factors of u + 1 + -2 + 5?
2, 3
Let p = 421 - 453. What are the prime factors of (-7152)/p*2/3?
149
Suppose 6*g - 9 - 27 = 0. Suppose -g*o - 2*x - 740 = -o, x = 0. Let i = o - -273. What are the prime factors of i?
5
Let t(v) = v**3 - v**2 + 3*v + 14. Let m = 76 - 51. Suppose -m*s + 18 = -22*s. What are the prime factors of t(s)?
2, 53
Let w = -250 - -249. Let j(d) = -515*d**3 - 3*d**2 + 2. What are the prime factors of j(w)?
2, 257
Let u = -51 - -51. Suppose -2*x + 4 + 4 = u. Suppose 4*k - w = 355, -28 + 104 = k + x*w. List the prime factors of k.
2, 11
Suppose 10 = -13*w + 10. Suppose -15*x + 5034 + 1146 = w. List the prime factors of x.
2, 103
Suppose -4*t - 2495 + 2523 = 0, -5*l + 5*t = -215230. What are the prime factors of l?
3, 113, 127
Suppose -6*f + 2640 - 972 = 0. List the prime factors of f.
2, 139
Let p(w) = -3*w**3 + 9*w**2 - 46*w - 367. What are the prime factors of p(-12)?
5, 31, 43
Let o(p) = -p**3 + p**2 + 2*p + 1. Let y be o(-2). Suppose -10*x = -y*x - r - 597, -2*x - 3*r + 1204 = 0. What are the prime factors of x?
599
Suppose 5*a = -r + 73, 4*r - 6*a = -3*a + 292. Let s = -2911 + 3030. Suppose -s = -6*t + r. List the prime factors of t.
2
Let d(y) be the third derivative of -19*y**4/4 + 5*y**3/6 + 12*y**2. List the prime factors of d(-3).
347
Let m be ((-117)/27)/(-13)*-6*1. List the prime factors of 1/(-8)*m - (-51623)/52.
3, 331
Let g = 13174 - 4306. What are the prime factors of g?
2, 3, 739
Let b(k) = k**3 - k + 5. Let p be b(-2). What are the prime factors of (p - -9) + (612 - 6)?
2, 307
Let q(y) = 8*y**3 + 3*y - 1. Suppose 8*z + 5 = 37. Suppose 23 = 4*t + 5*r, 9*t - z*t - 3*r = 1. What are the prime factors of q(t)?
3, 23
Let u = 4715 - 2890. Suppose k + u = 6*k. What are the prime factors of k?
5, 73
Let t(z) = z**2 - 7*z - 5. Let g be t(9). Suppose 0 = g*u - 15*u + 5*v + 1314, 2*v = 4*u - 2612. What are the prime factors of u?
2, 163
Let j(z) = -1211*z**2 - 2*z + 7. Let g(d) = -3*d**2 - d + 1. Let r(m) = 5*g(m) - j(m). What are the prime factors of r(-1)?
3, 7, 19
Suppose 3*x - z = 2798, -x + z + 1865 = x. Let l = x + -261. What are the prime factors of l?
2, 3, 7
Let p(h) = -h**3 - 7*h**2 - 4*h - 26. Let b be p(-7). Suppose b*r - 5*q = 729, -q + 1863 = r + 4*r. List the prime factors of r.
2, 3, 31
Let p = 325 + 13871. List the prime factors of p.
2, 3, 7, 13
Let c = -33 + 27. Let h be (-10)/c + 3/9. Suppose -h*s + 215 = -199. List the prime factors of s.
3, 23
Suppose -51 = 26*l - 27*l + q, -4*l + 2*q + 200 = 0. Let m = 47 + -20. Let c = l - m. List the prime factors of c.
2, 11
Let f(t) = 1708*t - 610. What are the prime factors of f(17)?
2, 61, 233
Let q be 105*(760/(-25))/(-4). Suppose 4*s = -3*h + 596, -4*h + q = 6*s - 4*s. Suppose 3*j = h + 73. List the prime factors of j.
7, 13
Let g(c) = 10*c + 42. Let h be g(-4). Suppose 3*f = 0, f = 3*r - h*r - 152. Suppose 3*o - 4*w - w = r, 4*o = 2*w + 198. What are the prime factors of o?
7
Let y be ((-3)/2)/(2/(-1 - -209157)). Let z be y/15 + 5/(-25). List the prime factors of z/(-77) - 2/(-11).
2, 17
Suppose 4*i + 5*r - 2450 = 0, 5*r = -3*i + 1112 + 728. Let t = i + -196. List the prime factors of t.
2, 3, 23
Let f(t) = 3*t + 24. Suppose 0*d + 105 = 7*d. Let o be f(d). Let v = o + 45. List the prime factors of v.
2, 3, 19
Let y be (-2)/(-6) + (-1 - (-122)/3). Let x = -40 + y. Suppose 18*n - 23*n + 15 = x. What are the prime factors of n?
3
List the prime factors of 1/3*(-6 + 13946 - -16).
2, 1163
Let d(c) = -122*c - 74. Let 